e o(13).
19
Let o(c) = c**2 - 20*c + 3. Give o(18).
-33
Let f(d) = 19*d - 10. Calculate f(0).
-10
Let q(x) = 2*x**3 - 30*x**2 + 2*x - 18. Calculate q(15).
12
Let b(s) = s**3 + 2*s**2 + 2*s + 20. Give b(-6).
-136
Let d(u) = -u**3 - 4*u**2 + 2*u - 4. Determine d(-5).
11
Let p(z) = -10*z. Give p(6).
-60
Let i(t) = -29*t - 97. What is i(-3)?
-10
Let p(l) = 27*l + 1. What is p(1)?
28
Let i(p) = -7*p**2 - 7*p - 5. Determine i(-2).
-19
Let g(q) = -q**2 - 2*q + 13. Determine g(-8).
-35
Let x(l) = 12*l + 157. Give x(-13).
1
Let v(t) = 3*t**2 + 4*t. Calculate v(-4).
32
Let x(h) = -7*h + 188. Determine x(27).
-1
Let l(u) = -u - 29. Calculate l(-6).
-23
Let l(h) = -3*h**3 - 4*h**2 + 6*h. Calculate l(-3).
27
Let w(n) = n**3 - 13*n**2 + 34*n + 19. What is w(9)?
1
Let h(g) = 20*g - 191. What is h(9)?
-11
Let a(q) = q**3 + 9*q**2 + 11*q + 105. What is a(-9)?
6
Let c(p) = p**3 + 8*p**2 + 7*p + 1. Determine c(-7).
1
Let k(i) = 9*i**2 - 64*i + 8. Give k(7).
1
Let k(b) = b**3 + 6*b**2 + 3*b. Calculate k(-6).
-18
Let o(l) = -24*l + 4. Calculate o(2).
-44
Let g(k) = -149*k + 450. What is g(3)?
3
Let p(z) = z**2 + 4*z - 20. Determine p(-7).
1
Let a(w) = 6*w + 50. What is a(-7)?
8
Let d(r) = -r**2 + 2*r + 17. Determine d(0).
17
Let b(y) = y**2 + 9*y + 11. What is b(-8)?
3
Let g(p) = -p**3 + 5*p**2 - 2*p - 4. Determine g(3).
8
Let z(q) = 5*q**2 - 69*q - 17. Determine z(14).
-3
Let x(l) = 2*l. Determine x(1).
2
Let z(f) = -2*f**2 + 10*f + 7. Determine z(9).
-65
Let w(d) = 14*d - 105. Determine w(7).
-7
Let r(b) = 5*b**2 + 52*b - 5. Calculate r(-10).
-25
Let w(p) = p**2 - 20*p + 80. What is w(15)?
5
Let z(b) = -3*b + 4. Calculate z(4).
-8
Let u(l) = -2*l**2 - 12*l - 14. Give u(-7).
-28
Let y(r) = -r**3 + 5*r**2 - 4*r - 3. Calculate y(5).
-23
Let r(o) = o**2 + 2*o - 15. What is r(-9)?
48
Let c(d) = d**3 - 6*d**2 - 5*d + 2. Give c(7).
16
Let r(w) = 21*w - 1. Determine r(1).
20
Let r(t) = t**3 - 8*t**2 - 24*t + 31. Give r(10).
-9
Let p(r) = 4*r**3 + 57*r**2 + 14*r - 1. Give p(-14).
-1
Let p(l) = -4*l + 32. Calculate p(6).
8
Let j(q) = -q**2 - 1. Calculate j(2).
-5
Let d(m) = m**3 + 10*m**2 + 7*m - 12. Calculate d(-9).
6
Let p(i) = i. Calculate p(-4).
-4
Let i(c) = -c**2 + 8*c + 6. Give i(7).
13
Let w(l) = -l**2 - 9*l + 4. Calculate w(-6).
22
Let y(l) = -9*l - 679. Calculate y(-75).
-4
Let z(n) = -n**2 + 9*n - 1. What is z(11)?
-23
Let r(s) = s**2 - 18*s + 48. Calculate r(11).
-29
Let d(x) = -x**3 + 14*x**2 - x + 5. Determine d(14).
-9
Let h(u) = -u**2 + 5*u + 96. Give h(-8).
-8
Let m(w) = -w + 28. What is m(12)?
16
Let a(z) = -3*z**2 + z + 6. Determine a(-3).
-24
Let h(w) = -w**2 - 2*w + 1. What is h(4)?
-23
Let k(m) = -m**3 - 6*m**2 + 7*m - 9. Give k(-7).
-9
Let d(f) = -f + 18. What is d(19)?
-1
Let s(a) = -3*a - 28. Give s(-7).
-7
Let b(n) = -n**3 + 9*n**2 + 28*n - 16. Give b(11).
50
Let i(v) = -3*v + 4. Give i(7).
-17
Let m(x) = -93*x - 537. What is m(-6)?
21
Let z(b) = -b - 21. What is z(-11)?
-10
Let r(k) = -2*k**3 - 1. What is r(-1)?
1
Let r(f) = -f**2 - 2*f + 5. Give r(2).
-3
Let o(z) = z**3 - 6*z**2 - 3*z + 7. Give o(6).
-11
Let g(r) = -5*r + 10. What is g(5)?
-15
Let s(v) = -v**2 + 16*v - 1. What is s(9)?
62
Let g(u) = 8*u + 7. Give g(-5).
-33
Let x(r) = 2*r + 5. What is x(-5)?
-5
Let o(d) = 18*d - 97. Give o(6).
11
Let o(m) = -m + 13. What is o(7)?
6
Let h(l) = l**3 - 2*l**2 - 19*l + 4. Give h(5).
-16
Let l(s) = -4*s**3 + 4*s**2 + 3*s - 2. Calculate l(-2).
40
Let s(h) = -h**3 - 7*h**2 - 11*h - 25. What is s(-6)?
5
Let v(c) = 2*c**2 - 4*c - 1. Calculate v(1).
-3
Let i(q) = q**2 + 8*q + 5. Determine i(-7).
-2
Let k(g) = -g**3 + 13*g**2 + 66*g + 32. Determine k(17).
-2
Let k(l) = 3*l**3 - 3*l**2 - 8*l + 7. Calculate k(2).
3
Let f(r) = r**3 - 8*r**2 + 12*r - 34. Calculate f(6).
-34
Let f(i) = -3*i**2 - 48*i - 39. Calculate f(-15).
6
Let d(f) = f - 10. Calculate d(0).
-10
Let m(j) = 18*j - 54. Determine m(4).
18
Let p(a) = a + 25. Calculate p(-6).
19
Let x(o) = 6*o + 49. Give x(-9).
-5
Let q(m) = -m**3 + 9*m**2 - 7*m - 17. What is q(8)?
-9
Let i(s) = -s**3 - 10*s**2 - 6. Give i(-10).
-6
Let r(g) = 3*g + 8. What is r(7)?
29
Let u(s) = -6*s**2 + 112*s + 30. Determine u(19).
-8
Let y(z) = -z**3 - 23*z**2 - 23*z - 2. What is y(-22)?
20
Let c(k) = k**2 - 30*k + 85. Calculate c(4).
-19
Let f(b) = -2*b - 20. Determine f(-7).
-6
Let a(v) = 2*v - 61. What is a(31)?
1
Let u(n) = -n**2 + n - 3. What is u(0)?
-3
Let w(c) = 22*c**2 - 2*c. Give w(1).
20
Let b(q) = -8*q - 34. What is b(-5)?
6
Let d(c) = c**2 - 2*c. Determine d(-2).
8
Let u(s) = -2*s - 9. Give u(28).
-65
Let h(u) = u**3 + 13*u**2 + 14*u - 3. Give h(-12).
-27
Let b(j) = j**3 - 2*j**2 - 6*j + 14. What is b(2)?
2
Let k(j) = j**3 - 13*j**2 + 11*j + 35. What is k(12)?
23
Let h(o) = 5*o - 27. Calculate h(0).
-27
Let u(b) = -b**2 + b + 18. Determine u(-5).
-12
Let w(m) = 6*m + 64. What is w(-10)?
4
Let x(c) = 4*c + 65. Calculate x(-36).
-79
Let q(l) = 4*l - 69. Calculate q(13).
-17
Let c(i) = -3*i**2 + 5*i - 6. Determine c(4).
-34
Let z(d) = 2*d**2 - 26*d + 34. Give z(12).
10
Let v(z) = z**3 + 8*z**2 + 9*z + 7. Determine v(-7).
-7
Let t(d) = d + 25. Give t(-16).
9
Let f(w) = -w**3 + 9*w**2 + 7. Determine f(9).
7
Let c(g) = 8*g + 338. Calculate c(-43).
-6
Let b(r) = -8*r + 127. Determine b(21).
-41
Let r(k) = -k**3 + 51*k**2 - 97*k - 44. Calculate r(49).
5
Let h(c) = -c + 22. Calculate h(0).
22
Let t(r) = r**2 + 10*r + 11. Give t(-7).
-10
Let x(w) = w + 14. Give x(-19).
-5
Let w(f) = -3*f**3 + f**2 - f - 14. Determine w(-4).
198
Let p(h) = -3*h**2 - 9*h - 1. Determine p(-4).
-13
Let l(k) = -k**2 - 6*k + 7. Give l(2).
-9
Let t(y) = y**2 - 11*y - 8. Give t(9).
-26
Let c(q) = -q + 3. Calculate c(3).
0
Let w(p) = -p**2 - 4*p + 13. Determine w(-4).
13
Let i(a) = -a**3 + 12*a**2 - 6*a + 27. What is i(12)?
-45
Let x(o) = -12*o + 19. What is x(3)?
-17
Let i(y) = -y**2 - 4*y + 14. Determine i(-6).
2
Let r(z) = 2*z. Give r(-19).
-38
Let w(f) = f + 4. Determine w(-3).
1
Let s(a) = 36*a + 1. Determine s(2).
73
Let l(m) = -10*m**2 - 3*m - 3. Determine l(-2).
-37
Let r(f) = 2*f**2 - 8*f - 7. What is r(5)?
3
Let d(u) = u**2 + 13*u - 33. Determine d(-15).
-3
Let n(q) = -31*q + 1507. What is n(49)?
-12
Let u(q) = -4*q - 11. Determine u(-8).
21
Let i(p) = -p**2 - 4*p + 14. What is i(-6)?
2
Let d(g) = g**3 - 7*g**2 - 8*g - 11. What is d(8)?
-11
Let d(q) = q**2 - 8*q - 10. Calculate d(10).
10
Let x(m) = -m**3 + m**2 + 32*m - 15. Determine x(6).
-3
Let i(f) = f**3 + 10*f**2 + 7*f + 84. Calculate i(-10).
14
Let f(q) = 3*q**3 + 2*q**2 - 2*q - 3. Calculate f(-1).
-2
Let n(b) = -2*b**3 - 71*b**2 + 35*b - 33. Determine n(-36).
3
Let t(y) = y**3 - 15*y**2 + 4*y - 67. What is t(15)?
-7
Let n(k) = -k**3 + 5*k**2 + 12*k + 4. Calculate n(7).
-10
Let l(y) = y**3 - 16*y**2 - 191*y - 29. Give l(24).
-5
Let f(m) = m - 97. Determine f(0).
-97
Let n(r) = -r**3 - 7*r**2 + 13*r - 39. What is n(-9)?
6
Let h(i) = -i**3 - 5*i + 19. Calculate h(3).
-23
Let r(m) = 3*m + 36. Calculate r(10).
66
Let r(n) = 10*n - 110. Calculate r(8).
-30
Let q(b) = -4*b + 6. Calculate q(2).
-2
Let d(z) = -7*z**2 + 64*z + 16. Give d(9).
25
Let p(a) = -6*a - 26. Calculate p(10).
-86
Let o(t) = 3*t**3 - t + 2. Give o(-2).
-20
Let m(s) = s**3 - 11*s**2 + 5*s + 4. Calculate m(10).
-46
Let a(s) = 4*s - 48. Give a(13).
4
Let k(d) = 8*d - 31. Calculate k(2).
-15
Let a(f) = -2*f**2 + 49*f - 37. What is a(26)?
-115
Let g(x) = -x - 10. What is g(-6)?
-4
Let i(u) = 26*u - 93. Determine i(5).
37
Let h(g) = -14*g + 191. What is h(13)?
9
Let z(b) = -b**3 - 12*b**2 - 12*b - 8. Give z(-11).
3
Let n(s) = -s**3 - 17*s**2 - 14*s + 29. Calculate n(-16).
-3
Let q(n) = n**3 - 7*n**2 - 15*n + 129. What is q(6)?
3
Let b(m) = 107*m - 7. Calculate b(-1).
-114
Let t(p) = p**3 - p**2 + p - 14. Calculate t(0).
-14
Let c(j) = -2*j**3 + 15*j**2 - 11*j + 4. What is c(7)?
-24
Let k(n) = 3*n**2 + 30*n + 37. Calculate k(-9).
10
Let b(g) = -g**3 + 10*g**2 - 12*g + 12. What is b(8)?
44
Let n(v) = v**3 + 53*v**2 + 148*v - 106. Determine n(-50).
-6
Let i(m) = -2*m - 7. Give i(0).
-7
Let s(x) = 4*x + 47. Determine s(-13).
-5
Let j(l) = 6*l - 30. Calculate j(6).
6
Let d(o) = o**2 + 5*o - 10. Give d(-7).
4
Let i(b) = -b**3 - 7*b**2 - 2*b - 2. Calculate i(-7).
12
Let q(r) = -r**3 - 2*r**2 + 3*r + 5. Give q(-3).
5
Let n(a) = 